).
-195
Let n(d) = d**3 - 12*d**2 + d - 35. Determine n(14).
371
Let i(w) = w**3 + 56*w**2 + 165*w + 3068. Give i(-54).
-10
Let p(z) = 10*z + 217. Determine p(-20).
17
Let o(b) = 2*b**2 - 58*b + 23. Determine o(29).
23
Let w(k) = -k**3 - 60*k**2 + 150*k - 2398. What is w(-63)?
59
Let x(q) = q**2 - 248*q + 14077. Calculate x(88).
-3
Let j(x) = 20*x - 292. Give j(18).
68
Let g(r) = 6*r**2 + 40*r - 185. Calculate g(3).
-11
Let n(k) = k**3 - 24*k**2 + 25*k + 38. Give n(23).
84
Let y(u) = u**2 + 25*u - 889. Calculate y(-44).
-53
Let x(b) = -92*b + 12987. Give x(141).
15
Let q(g) = 47*g + 4072. Calculate q(-87).
-17
Let c(h) = 3*h**3 - 756*h**2 + 756*h - 778. Calculate c(251).
-25
Let p(b) = 285*b + 16252. Give p(-57).
7
Let s(f) = -f**3 - 22*f**2 + 101*f - 51. Calculate s(-26).
27
Let v(l) = -11*l + 71. What is v(31)?
-270
Let m(j) = 2*j**2 - 60*j + 89. Determine m(29).
31
Let z(a) = 2*a**3 + 18*a**2 + 12*a + 51. What is z(-9)?
-57
Let c(g) = -3*g**3 + 56*g**2 - 39*g + 42. Calculate c(18).
-12
Let c(g) = 3*g**2 - 21. Calculate c(6).
87
Let z(m) = 816*m + 8167. Calculate z(-10).
7
Let i(l) = -2*l**3 + 146*l**2 + 5*l - 367. Determine i(73).
-2
Let b(i) = -663*i**3 + 3*i**2 + i. Give b(-1).
665
Let s(l) = l**3 + 32*l**2 - 65*l + 80. What is s(-34)?
-22
Let z(s) = -17*s - 306. Determine z(-15).
-51
Let o(j) = -18*j**3 + 7*j**2 + 10*j - 8. What is o(-2)?
144
Let i(q) = -q**3 - 6*q**2 + 55*q + 298. Determine i(-5).
-2
Let k(n) = -265*n + 35235. Give k(133).
-10
Let s(m) = -408*m - 15918. Determine s(-39).
-6
Let z(k) = 9*k**2 - 66*k - 66. Determine z(-1).
9
Let h(p) = 6*p + 57. Calculate h(-14).
-27
Let y(s) = -s**3 + 12*s**2 + 13*s - 304. Give y(12).
-148
Let k(y) = -2*y**3 - 16*y**2 + 13*y - 12. Calculate k(-9).
33
Let n(h) = h**3 + 20*h**2 - 39*h + 29. What is n(-22)?
-81
Let c(l) = -261*l - 1852. What is c(-7)?
-25
Let j(k) = -263*k**2 + 15*k - 1. What is j(-2)?
-1083
Let f(c) = -c**2 + 61*c - 400. Determine f(7).
-22
Let i(g) = 4*g**3 + 729*g**2 + 186*g + 734. What is i(-182)?
6
Let c(y) = -178*y + 363. Give c(2).
7
Let v(b) = b**3 - 35*b**2 + 40*b - 14. Give v(34).
190
Let l(d) = 6*d**3 + 5*d**2 + d - 4. Determine l(-2).
-34
Let b(i) = -2*i**2 - 30*i + 143. Calculate b(4).
-9
Let c(o) = -3*o**3 + 66*o**2 - 53*o - 207. Give c(21).
3
Let i(y) = y**3 - 34*y**2 - 40*y + 91. Give i(35).
-84
Let y(g) = -g**3 + 15*g**2 - 7*g + 15. Determine y(15).
-90
Let v(y) = 19*y + 473. Calculate v(-41).
-306
Let k(p) = -p**3 + 7*p**2 + 7*p - 22. Calculate k(6).
56
Let y(w) = -12*w**2 + 719*w - 4434. Determine y(7).
11
Let k(b) = -357*b + 4446. Determine k(12).
162
Let y(b) = b**2 + 3219*b + 25678. Determine y(-8).
-10
Let w(x) = 1101*x - 12105. Determine w(11).
6
Let s(a) = 86*a + 511. Determine s(-6).
-5
Let y(r) = 4*r**3 - 167*r**2 - 44*r + 87. Calculate y(42).
3
Let f(s) = s**2 + 46*s - 190. Determine f(6).
122
Let l(g) = g**2 - 105*g + 2108. Determine l(27).
2
Let u(x) = x**2 + 285*x + 7902. Calculate u(-31).
28
Let l(f) = -f**3 - 4*f**2 + 22*f + 3. Determine l(-4).
-85
Let z(l) = -46*l + 1576. Determine z(35).
-34
Let h(l) = 2*l**2 + 28*l + 130. Determine h(-6).
34
Let s(o) = -o**3 - 2*o**2 + 8*o + 9. What is s(-4)?
9
Let q(g) = -29*g - 296. Determine q(-4).
-180
Let j(d) = -d**2 + 374*d - 34922. Calculate j(179).
-17
Let u(y) = -y**3 + 19*y**2 - 41*y + 8. Calculate u(19).
-771
Let f(s) = 73*s - 37. Determine f(-5).
-402
Let r(c) = -36*c + 805. What is r(22)?
13
Let w(t) = -6*t**2 + 2. What is w(5)?
-148
Let f(x) = -x**3 - 16*x**2 + 52*x + 155. What is f(-14)?
-965
Let d(z) = 3*z**3 + 10*z**2 + 25*z + 91. Give d(-5).
-159
Let c(a) = 193*a**2 + a - 7. Determine c(0).
-7
Let d(j) = 3*j**2 + 160*j + 1929. Calculate d(-35).
4
Let m(g) = g**2 - 5*g - 26. Calculate m(9).
10
Let y(i) = -i**2 - 2*i - 77. What is y(-7)?
-112
Let i(s) = s**2 - 2*s - 2041. Give i(-44).
-17
Let i(x) = 8*x**3 - 40*x**2 + 20*x - 134. Calculate i(5).
-34
Let m(a) = -96*a - 6. Give m(-2).
186
Let h(g) = -g**3 + 20*g**2 - 20*g + 54. Calculate h(20).
-346
Let i(l) = -l**3 + 121*l**2 + 628*l + 259. What is i(126)?
7
Let m(d) = 71*d + 351. Calculate m(-12).
-501
Let h(a) = -4*a**2 + 125*a - 819. Calculate h(22).
-5
Let g(u) = 399*u - 38291. Determine g(96).
13
Let f(a) = a**2 + 33*a + 36. What is f(-23)?
-194
Let i(s) = -3*s**3 - 8*s**2 + 57*s + 3. Give i(-7).
241
Let f(j) = -3*j**2 - 137*j - 256. What is f(-42)?
206
Let m(n) = 12*n**3 + 22*n**2 - 7*n + 2. Give m(-2).
8
Let u(q) = 3*q**3 + 17*q**2 + 19*q + 7. Give u(-4).
11
Let o(a) = -a**2 - 43*a - 24. What is o(-31)?
348
Let x(w) = -w**3 - 57*w**2 - 330*w - 352. What is x(-5)?
-2
Let o(s) = -s**3 + 24*s**2 + 69*s + 316. Calculate o(27).
-8
Let l(z) = -z**2 + 13*z + 1. Calculate l(17).
-67
Let z(p) = -p**2 - 12*p + 45. Give z(-5).
80
Let d(f) = f**2 - 33*f + 193. Calculate d(7).
11
Let h(w) = -15*w + 45. Calculate h(9).
-90
Let d(n) = -n**3 + 20*n**2 - 24*n - 154. Give d(18).
62
Let u(q) = -2*q**2 - 39*q - 75. Give u(-17).
10
Let p(k) = -23*k**3 + 2*k**2 - 2. Give p(-1).
23
Let m(l) = -l**2 - 2075*l + 6238. Determine m(3).
4
Let n(q) = -35*q**3 + 15*q**2 + 9*q - 5. What is n(-1)?
36
Let l(v) = 2*v**2 + 35*v + 4. Give l(4).
176
Let y(j) = -j**3 - 3*j**2 - 4*j + 11. Calculate y(2).
-17
Let s(n) = n**3 + 4*n**2 - 31*n - 96. Calculate s(-6).
18
Let u(q) = -219*q**2 - 426*q + 3. Determine u(-2).
-21
Let o(y) = -y**2 - 98*y - 2340. What is o(-40)?
-20
Let q(d) = -11378*d - 22727. Determine q(-2).
29
Let y(l) = 51*l - 20710. Determine y(406).
-4
Let c(o) = -o**3 - 49*o**2 - 506*o + 49. What is c(-15)?
-11
Let d(p) = p**2 - 56*p + 52. What is d(54)?
-56
Let j(i) = 4*i - 36. Determine j(6).
-12
Let b(k) = -2*k - 40. Calculate b(-18).
-4
Let m(p) = -716*p + 37239. What is m(52)?
7
Let i(w) = 39*w - 1159. What is i(26)?
-145
Let f(s) = -s**3 + 109*s**2 + 100*s + 1083. Determine f(110).
-17
Let t(h) = -763*h - 52. Calculate t(1).
-815
Let b(t) = -363*t - 379. Give b(-1).
-16
Let w(q) = -134*q + 1600. Give w(12).
-8
Let r(g) = -86*g - 619. What is r(-7)?
-17
Let u(y) = -3*y**2 - 10*y + 430. Determine u(11).
-43
Let o(u) = -u**3 - 16*u**2 + 56*u - 72. What is o(-20)?
408
Let l(u) = -4*u**3 + 18*u**2 + 71*u + 53. What is l(-1)?
4
Let d(s) = -s**3 - 35*s**2 - 94*s + 56. Give d(-32).
-8
Let n(w) = -12*w - 3. Determine n(1).
-15
Let p(b) = -b**3 - 13*b**2 + 24*b + 50. Calculate p(-11).
-456
Let r(z) = 12*z**2 + 57*z - 20. Determine r(-5).
-5
Let p(z) = 39*z**2 + 57*z - 8. What is p(-4)?
388
Let h(v) = 10*v**3 + 510*v**2 + 8*v + 410. What is h(-51)?
2
Let u(f) = -375*f + 11617. What is u(31)?
-8
Let p(v) = 171*v - 1205. Give p(8).
163
Let h(k) = -23*k + 46. What is h(6)?
-92
Let m(l) = 2*l**2 - 934*l + 70120. Calculate m(94).
-4
Let z(k) = -7*k**2 - 105*k - 1. Give z(-16).
-113
Let z(k) = -2*k - 40. Calculate z(-25).
10
Let t(x) = -242*x + 955. Determine t(4).
-13
Let l(m) = -2272*m - 20449. Determine l(-9).
-1
Let m(s) = 13*s**2 - 323*s + 980. Determine m(3).
128
Let s(z) = -5*z**2 - 231*z + 196. Give s(-47).
8
Let s(t) = 173*t + 534. What is s(-3)?
15
Let x(j) = -4*j**3 + 16*j**2 - 20*j + 16. Calculate x(3).
-8
Let u(o) = o**3 - 40*o**2 - 23*o + 827. Calculate u(40).
-93
Let w(g) = -120*g + 1314. Give w(11).
-6
Let g(b) = -17*b + 220. What is g(13)?
-1
Let f(y) = y**2 + 40*y - 1212. Give f(20).
-12
Let y(u) = -u**3 + 29*u**2 - 67*u + 356. Calculate y(27).
5
Let k(g) = 2*g**3 - 8*g**2 + 2*g - 5. Give k(6).
151
Let h(l) = 4193*l + 8375. Determine h(-2).
-11
Let y(p) = -11*p + 384. Determine y(31).
43
Let r(w) = -w**3 + 126*w**2 + 122*w + 529. Give r(127).
-106
Let a(v) = v**3 - 9*v**2 + 437*v - 2613. Calculate a(6).
-99
Let p(r) = 34*r**3 + 3*r**2 - 2*r - 2. What is p(-1)?
-31
Let s(q) = q**3 - 13*q**2 + 48*q - 19. What is s(10)?
161
Let r(p) = 60*p - 1302. Give r(22).
18
Let y(b) = b**2 - 83*b - 329. Give y(85).
-159
Let v(n) = -23*n + 43. What is v(7)?
-118
Let k(c) = c**2 - 68*c + 784. Determine k(16).
-48
Let s(y) = -y**3 + 64*y**2 - 1002*y + 116. Give s(37).
5
Let y(o) = o**2 - 1459*o + 8693. Determine y(6).
-25
Let x(z) = -18*z**2 - 1960*z + 3921. Determine x(2).
-71
Let r(k) = 2*k**2 + 11*k - 11. What is r(-10)?
79
Let z(h) = -6*h + 187. Determine z(31).
1
Let i(n) = 15*n - 8. Determine i(-3).
-53
Let h(n) = -n**3 - 9*n**2 - n + 68. Determine h(-5).
-27
